re the prime factors of k?
2, 23
Let c = -15 - -11. Let o be c + (-1180)/(15/(-3)). Suppose 0 = -4*h - 4*l + 212, 4*h - o + 14 = -2*l. What are the prime factors of h?
2, 7
Let v = 296 - 299. Let s be (-1 - (-2 + 1)) + 1. List the prime factors of ((-9)/v)/(s/7).
3, 7
Let v be (6/(-4))/(6/(-1832)). Suppose 2*r - 4*r - v = -5*z, -4*z = 4*r - 344. What are the prime factors of z?
2, 3, 5
Suppose 0 = 7*l - 10*l - 24. Let w be l/(-12)*(-69)/2. Let s = w - -36. List the prime factors of s.
13
Let k(r) = -r + 40. Let b be k(37). Suppose 0 = -v + 35 - 7. Suppose 5*g = b*g + v. What are the prime factors of g?
2, 7
Let a = -5 + 1. Suppose 5*q - 7 = -v, -v + 3*v + 3*q = 7. Let l = v - a. What are the prime factors of l?
2, 3
List the prime factors of (-7 + 38)*4/(4/7).
7, 31
Suppose -3*u = 0, -2*u - 87 = -3*p - 54. What are the prime factors of p?
11
Let q = 0 - 3. What are the prime factors of (138/(-2))/q - -2?
5
Let a = 338 + 137. What are the prime factors of a?
5, 19
Let d(l) = l - 3. Let v be d(3). Let t(a) = a - 33. Let j be t(v). Let s = j + 62. List the prime factors of s.
29
Suppose -p + 2*y = -6*p + 2799, 2*p + 2*y - 1116 = 0. What are the prime factors of p?
3, 11, 17
Let k = 1691 - 977. List the prime factors of k.
2, 3, 7, 17
Let p(v) = -6*v + 4. Let j be p(-5). Suppose -5*r = -5*i - 205, -2*i + 68 = 2*r - j. Suppose 5*o - 34 = 2*a + r, 2*o + a - 23 = 0. List the prime factors of o.
2, 7
Suppose -x + 2450 + 2514 = 3*k, -4*k + 6623 = -3*x. List the prime factors of k.
5, 331
List the prime factors of 100569/105 - (-12)/(-15).
3, 11, 29
Let n(i) = i**3 - 16*i**2 - 23*i - 16. Let o be n(18). List the prime factors of (o/4)/((-6)/(-12)).
109
Suppose 3*v + 4 = 37. Suppose -2*z + g = -v, -4*z + 3*z = -3*g - 13. Let r = z + 53. List the prime factors of r.
3, 19
Let a be (-30)/(-9)*(-6)/(-5). Suppose -2*k - 6 = 2*h, a*h - 4 + 1 = -k. Suppose -3*o = 2*d - 23, h*o + 3*d - 14 = 3. List the prime factors of o.
7
Let j = 793 - 425. List the prime factors of j.
2, 23
Let v(y) = -10*y - 24. Let t(k) = 9*k + 25. Let w(l) = 2*t(l) + 3*v(l). Let z = -9 - -2. List the prime factors of w(z).
2, 31
Suppose -4*a + 2*t + 3 = -23, -3*a = -3*t - 27. Suppose a*s - 27 = -3*c + 25, 82 = 5*c + 2*s. List the prime factors of c.
2
Suppose 4*i + 0 = -8, -24 = -2*x + i. Suppose 31 = 5*w + x. Suppose 0*y - w*y = -292. What are the prime factors of y?
73
Suppose 3*r - 216 = -2*d, 4*r - 5*d = -4*d + 288. List the prime factors of r.
2, 3
Suppose 4248 = 12*f - 0*f. List the prime factors of f.
2, 3, 59
Suppose 0 = -a + 5, s - 446 = -3*s - 2*a. Let z = s - 73. What are the prime factors of z?
2, 3
Let x(g) = -5*g + 0*g - 2*g - 3 + 3*g. Suppose -3*f + 12 = -5*f. List the prime factors of x(f).
3, 7
Let r(g) = -g**3. Let k(m) = -5*m**3 + 5*m**2 - 4*m - 2. Let p(i) = -k(i) + r(i). What are the prime factors of p(3)?
7, 11
List the prime factors of ((-534)/10)/((-4)/20).
3, 89
Let s(k) = -2*k**3 - 2*k**2 + 2. Let d be s(-2). Let m = d + -2. Suppose 3*r + 110 = m*r. List the prime factors of r.
2, 11
Suppose -6*i + 440 = -3*i + 2*y, 3*y + 465 = 3*i. Suppose 52 = -2*p + i. List the prime factors of p.
7
Let g(s) = -s + 8. Let i be g(6). Suppose -i*n + 1 = -9. Suppose -4*v = 2*r - 4, 0*r - 2*r - 14 = -n*v. What are the prime factors of v?
2
Let r(a) = -2*a**3 + a**2 + 7*a + 5. Suppose 12 = -4*o - 3*q - 19, 2*q + 10 = 0. Let i be r(o). Suppose -46 = 5*p - i. What are the prime factors of p?
3, 5
Let h(d) = d**2 + 11*d + 6. Let i be h(-9). Let t be (i/9)/((-2)/(-18)). What are the prime factors of (6/t)/(1/(-4))?
2
Let g = 2545 + 873. List the prime factors of g.
2, 1709
Suppose -171*z + 24035 = -148*z. List the prime factors of z.
5, 11, 19
Let c(w) = -w**2 - 7*w - 3. Let o(l) = l**2 - 6*l + 2. Let m = 13 + -8. Let h be o(m). What are the prime factors of c(h)?
3
Suppose 2*f = 7*f + 95. Let o(l) = l**3 + 19*l**2 - l + 21. What are the prime factors of o(f)?
2, 5
List the prime factors of 2 + 3240/6 + 8.
2, 5, 11
Let n(g) = g**2 - 4. Suppose 0 = -c - 5 - 0. Let f be n(c). Suppose -v + 28 = 4*i - 2*i, -i = 4*v - f. List the prime factors of i.
13
Let l(q) = 181*q + 529. What are the prime factors of l(6)?
5, 17, 19
Let j be -68 - 0/(-2 + -2). Let h = j + 116. Suppose -8*v = -11*v + h. What are the prime factors of v?
2
Suppose -5*g - 10 = -8*g + 5*f, -8 = -3*g + 4*f. Suppose -2*i + i + 4 = g. Suppose i*y - 5*y = -13. What are the prime factors of y?
13
Suppose 0 = -2*k + 531 + 45. What are the prime factors of k?
2, 3
Let k(j) = -j**2 + 8*j - 12. Let y be k(6). Suppose -2*t + 204 - 40 = y. List the prime factors of t.
2, 41
Let x(f) = -67*f**3 + f**2 - f - 2. Let a be x(-1). Let t = a + -47. List the prime factors of t.
2, 5
List the prime factors of (-30142)/(-22) + (-33)/363.
2, 5, 137
Let m = -362 + 1527. What are the prime factors of m?
5, 233
Let i = 41 - 39. Suppose 4*x = -2*z + 104, -32 - 14 = -i*x - 4*z. What are the prime factors of x?
3
Let l(o) be the third derivative of o**4 - o**3/6 - o**2. Suppose -3*j + 7 = 4*j. List the prime factors of l(j).
23
Let p = 1668 - 897. List the prime factors of p.
3, 257
Let o(y) = -2*y**3 + 11*y**2 + 19*y - 2. List the prime factors of o(-7).
2, 5, 109
Suppose 7*v - 12955 = -1328. List the prime factors of v.
11, 151
Suppose -5*f - 5 - 8 = 3*l, 0 = -4*l + f + 21. Suppose -244 = l*g - 1132. List the prime factors of g.
2, 3, 37
Let u = -7 - -13. Let m = 8 - u. What are the prime factors of (-1 - (-4)/m)*9?
3
Let o(p) = 3*p**2 - 16*p + 2. Let i be o(5). Let w(h) = 6*h**2 - 2*h - 10. What are the prime factors of w(i)?
2, 5
Let w = -4 + 443. What are the prime factors of w?
439
Let r(s) = -2*s**3 + 2. Let x be 5 - 4/6*-3. Suppose 4*m - u = -2*u - x, 5*u - 11 = 3*m. What are the prime factors of r(m)?
2, 3
Suppose -8*y - 5*y = -3523. List the prime factors of y.
271
Let o(p) = p**3 - 30*p**2 - 14*p - 297. What are the prime factors of o(35)?
2, 17, 157
Suppose 3*x + 28 = -68. Let t = x + 36. Suppose 6*l = t*l + 134. List the prime factors of l.
67
Let i(v) be the second derivative of 13*v**5/2 + v**4/12 + v**3/6 - v**2/2 - 19*v. List the prime factors of i(1).
131
What are the prime factors of (-8)/(-36) + (-25306)/(-9)?
2, 19, 37
Let z(a) = -48*a + 4. Let i be z(-3). Let d = i + -31. What are the prime factors of d?
3, 13
List the prime factors of 11088/(-27)*6/(-4).
2, 7, 11
Suppose 3*y + 2 + 20 = -5*s, -5*y = -4*s - 25. Let a(x) = 87*x**3 - 2*x**2 + 2*x + 1. List the prime factors of a(y).
2, 11
Let q = -333 + 568. Suppose 0 = 2*r - q + 35. What are the prime factors of r?
2, 5
List the prime factors of 132/9*(-306)/(-12).
2, 11, 17
What are the prime factors of (444/(6 - 4))/1?
2, 3, 37
Let c = -71 - -125. Suppose 0*u + 3*x = u - c, 0 = 4*u + 2*x - 272. List the prime factors of u.
2, 3, 11
Let y(f) = f**2 + 23*f - 27. Let n be y(-11). Let r = 369 + n. Suppose o + r = 3*j - 3*o, -142 = -2*j + 2*o. What are the prime factors of j?
2, 37
Suppose -2*v - 1346 = -2*k, 27*v = k + 22*v - 689. List the prime factors of k.
3, 223
Let m(y) = -2 + 4*y + 10 + 2*y. List the prime factors of m(4).
2
Let l = -258 + 116. Let i = -68 - l. List the prime factors of i.
2, 37
Let i(n) = n**3 + 18*n**2 + 2*n + 38. Let a be i(-18). List the prime factors of (14/(-4) - a/4) + 112.
2, 3
Let w(y) = -y**2 - 7*y + 10. Let m be w(-8). Suppose m*r = -0*r + 4*c - 192, c - 4 = 0. Let h = r - -147. What are the prime factors of h?
59
Let b be 11/(22/12) + -104. Let s = 21 + -77. Let l = s - b. List the prime factors of l.
2, 3, 7
Suppose 2*k = v + 1, 2*v + v + 4*k = 17. Suppose v*h = -2*h + 225. What are the prime factors of h?
3, 5
Let h = 1 - 1. Suppose h = -6*a + 5 + 49. Suppose f = a + 27. What are the prime factors of f?
2, 3
Suppose 9 = 7*n - 12. List the prime factors of ((-435)/(-6) + n)/((-1)/(-2)).
151
Let a(g) be the second derivative of 0 + 6*g + 17/2*g**2 - 1/12*g**4 - 5/2*g**3. List the prime factors of a(-14).
31
Let o = -375 + 155. Let i = 153 + o. List the prime factors of -1*(i - (-3 - -3)).
67
What are the prime factors of 12/(-3) - (-4 + -993 - 0)?
3, 331
Suppose -3*v - 14*p + 26 = -12*p, -2*v - p = -17. What are the prime factors of v?
2
List the prime factors of 1/(-2) + -2139*2/(-4).
1069
Let v be (286/33)/((-2)/42) + 1. Let d = v + 335. What